-- phpMyAdmin SQL Dump
-- version 5.2.2
-- https://www.phpmyadmin.net/
--
-- مضيف: localhost:3306
-- وقت الجيل: 01 أغسطس 2025 الساعة 20:50
-- إصدار الخادم: 10.4.32-MariaDB
-- نسخة PHP: 8.2.12

SET SQL_MODE = "NO_AUTO_VALUE_ON_ZERO";
START TRANSACTION;
SET time_zone = "+00:00";


/*!40101 SET @OLD_CHARACTER_SET_CLIENT=@@CHARACTER_SET_CLIENT */;
/*!40101 SET @OLD_CHARACTER_SET_RESULTS=@@CHARACTER_SET_RESULTS */;
/*!40101 SET @OLD_COLLATION_CONNECTION=@@COLLATION_CONNECTION */;
/*!40101 SET NAMES utf8mb4 */;

--
-- قاعدة بيانات: `forlife_institute1`
--

-- --------------------------------------------------------

--
-- بنية الجدول `books`
--

CREATE TABLE `books` (
  `id` int(11) NOT NULL,
  `title` varchar(200) DEFAULT NULL,
  `author` varchar(100) DEFAULT NULL,
  `image` varchar(255) DEFAULT NULL,
  `description` text DEFAULT NULL,
  `category` varchar(50) DEFAULT NULL,
  `rating` decimal(2,1) DEFAULT NULL
) ENGINE=InnoDB DEFAULT CHARSET=utf8mb4 COLLATE=utf8mb4_general_ci;

--
-- إرجاع أو استيراد بيانات الجدول `books`
--

INSERT INTO `books` (`id`, `title`, `author`, `image`, `description`, `category`, `rating`) VALUES
(1, 'الإنجليزية للمبتدئين', 'mona', '1-6bec7c9ed2.jpg', 'دورة شاملة للمرحلة المبتدئة في اللغة الإنجليزية', 'لغات', 4.5),
(2, 'الحاسوب الأساسي', 'م. فاطمة علي', 'book2.jpg', 'مبادئ استخدام الحاسوب وأنظمة التشغيل', 'تقنية', 4.2),
(3, 'التمريض العملي', 'د. سارة أحمد', 'book3.jpg', 'تطبيقات عملية في التمريض السريري', 'طب', 4.8),
(4, 'الجرافيك الحديث', 'م. خالد عمر', 'book4.jpg', 'أحدث تقنيات التصميم الجرافيكي', 'فن', 4.6),
(5, 'البرمجة بلغة بايثون', 'د. محمد حسن', 'book5.jpg', 'مقدمة في البرمجة بلغة بايثون للمبتدئين', 'تقنية', 4.7),
(6, 'الإسعافات الأولية', 'د. علي عبد الله', 'book6.jpg', 'دليل الإسعافات الأولية في الحالات الطارئة', 'طب', 4.3),
(7, 'اللغة الإنجليزية المتوسطة', 'د. نادية محمود', 'book7.jpg', 'للمستوى المتوسط في تعلم اللغة الإنجليزية', 'لغات', 4.4),
(8, 'تطوير الويب', 'م. رامي سعيد', 'book8.jpg', 'بناء المواقع الإلكترونية باستخدام HTML وCSS', 'تقنية', 4.9),
(9, 'تصميم الشعارات', 'م. هند محمد', 'book9.jpg', 'فن تصميم الشعارات الاحترافي', 'فن', 4.1),
(10, 'الطب الطارئ', 'د. عماد أحمد', 'book10.jpg', 'التعامل مع الحالات الطارئة في الطب', 'طب', 4.6),
(11, 'الذكاء الاصطناعي', 'د. ياسر علي', 'book11.jpg', 'مقدمة في الذكاء الاصطناعي وتطبيقاته', 'تقنية', 4.8),
(12, 'التصوير الفوتوغرافي', 'م. سمر خالد', 'book12.jpg', 'أساسيات التصوير الفوتوغرافي الاحترافي', 'فن', 4.2),
(13, 'الطب النفسي', 'د. محمد عبد الكريم', 'book13.jpg', 'مبادئ الطب النفسي والعلاج النفسي', 'طب', 4.5),
(14, 'التسويق الرقمي', 'د. رنا محمد', 'book14.jpg', 'التسويق عبر الإنترنت ووسائل التواصل الاجتماعي', 'إدارة', 4.3),
(15, 'إدارة المشاريع', 'د. خالد أحمد', 'book15.jpg', 'أساسيات إدارة المشاريع وتقنيات التخطيط', 'إدارة', 4.4),
(16, 'الاقتصاد الرقمي', 'د. فاطمة حسن', 'book16.jpg', 'التحول الرقمي في الاقتصاد والتجارة', 'اقتصاد', 4.1),
(17, 'الروبوتات', 'د. أحمد سالم', 'book17.jpg', 'مقدمة في عالم الروبوتات والأنظمة الذكية', 'تقنية', 4.7),
(18, 'الطب البيطري', 'د. سعيد محمد', 'book18.jpg', 'العناية بالحيوانات والطب البيطري', 'طب', 4.5),
(19, 'الصيدلة', 'د. نورا أحمد', 'book19.jpg', 'أساسيات علم الأدوية والتفاعلات الدوائية', 'طب', 4.6),
(20, 'الطب البشري', 'د. محمد علي', 'book20.jpg', 'علم التشريح والفيزيولوجيا البشرية', 'طب', 4.8),
(21, 'الطب البيطري المتقدم', 'د. خالد سالم', 'book21.jpg', 'تطبيقات متقدمة في الطب البيطري', 'طب', 4.4),
(22, 'الطب النفسي للأطفال', 'د. سمر أحمد', 'book22.jpg', 'الطب النفسي للأطفال والمراهقين', 'طب', 4.3),
(23, 'الطب الجراحي', 'د. أحمد محمد', 'book23.jpg', 'أساسيات الجراحة والتقنيات الجراحية', 'طب', 4.7),
(24, 'الطب الوقائي', 'د. فاطمة خالد', 'book24.jpg', 'الوقاية من الأمراض والطب الوقائي', 'طب', 4.5),
(25, 'الطب البديل', 'د. علي سعيد', 'book25.jpg', 'الطب البديل والطاقة والعلاجات البديلة', 'طب', 4.2);

-- --------------------------------------------------------

--
-- بنية الجدول `courses`
--

CREATE TABLE `courses` (
  `id` int(11) NOT NULL,
  `diploma_id` int(11) DEFAULT NULL,
  `name` varchar(100) DEFAULT NULL,
  `price` decimal(10,2) DEFAULT NULL
) ENGINE=InnoDB DEFAULT CHARSET=utf8mb4 COLLATE=utf8mb4_general_ci;

--
-- إرجاع أو استيراد بيانات الجدول `courses`
--

INSERT INTO `courses` (`id`, `diploma_id`, `name`, `price`) VALUES
(1, 1, 'Code 1', 6000.00),
(2, 1, 'Code 2', 150.00),
(3, 1, 'Code 3', 150.00),
(4, 1, 'Code 4', 150.00),
(5, 1, 'Starter A', 200.00),
(6, 1, 'Starter B', 200.00),
(7, 1, 'Level 1A', 250.00),
(8, 1, 'Level 1B', 250.00),
(9, 1, 'Level 2A', 300.00),
(10, 1, 'Level 2B', 300.00),
(11, 1, 'Level 3A', 350.00),
(12, 1, 'Level 3B', 350.00),
(13, 1, 'Level 4A', 400.00),
(14, 1, 'Level 4B', 400.00),
(15, 2, 'Windows', 100.00),
(16, 2, 'Word', 100.00),
(17, 2, 'Excel', 120.00),
(18, 2, 'PowerPoint', 100.00),
(19, 2, 'Print', 80.00),
(20, 2, 'Internet', 90.00),
(21, 2, 'Computer Security', 150.00),
(22, 3, 'علم الأدوية', 200.00),
(23, 3, 'أساسيات التمريض', 250.00),
(24, 3, 'المصطلحات الطبية', 150.00),
(25, 3, 'الطفيليات', 180.00),
(26, 3, 'الصحة العامة', 200.00),
(27, 4, 'تصميم الشعارات', 300.00),
(28, 4, 'التصوير الفوتوغرافي', 350.00),
(29, 4, 'تصميم الويب', 400.00),
(30, 4, 'الرسوم المتحركة', 350.00),
(31, 5, 'برمجة الويب', 0.00),
(32, 5, 'برمجة الجوال', 550.00),
(33, 5, 'قواعد البيانات', 400.00),
(34, 5, 'الذكاء الاصطناعي', 600.00),
(35, 6, 'الإسعافات الأولية', 250.00),
(36, 6, 'الإنعاش القلبي الرئوي', 200.00),
(37, 6, 'معالجة الجروح', 220.00);

-- --------------------------------------------------------

--
-- بنية الجدول `diplomas`
--

CREATE TABLE `diplomas` (
  `id` int(11) NOT NULL,
  `name` varchar(100) DEFAULT NULL,
  `description` text DEFAULT NULL,
  `icon` varchar(255) DEFAULT NULL
) ENGINE=InnoDB DEFAULT CHARSET=utf8mb4 COLLATE=utf8mb4_general_ci;

--
-- إرجاع أو استيراد بيانات الجدول `diplomas`
--

INSERT INTO `diplomas` (`id`, `name`, `description`, `icon`) VALUES
(1, 'دبلوم اللغة الإنجليزية', 'دبلوم شامل في اللغة الإنجليزية من المستوى المبتدئ حتى المتقدم', 'english.png'),
(2, 'دبلوم الحاسوب', 'دورات متقدمة في استخدام الحاسوب وبرامج الأوفيس', 'computer.png'),
(3, 'دبلوم التمريض', 'دورات متخصصة في أساسيات التمريض والعناية الصحية', 'nursing.png'),
(4, 'دبلوم الجرافيك', 'تصميم جرافيك احترافي باستخدام أدوات حديثة', 'graphic.png'),
(5, 'دبلوم البرمجة', 'برمجة تطبيقات ويب وجوال باستخدام أحدث التقنيات', 'coding.png'),
(6, 'دبلوم الإسعافات الأولية', 'تدريب عملي على الإسعافات الأولية والطوارئ', 'firstaid.png');

-- --------------------------------------------------------

--
-- بنية الجدول `messages`
--

CREATE TABLE `messages` (
  `id` int(11) NOT NULL,
  `name` varchar(100) DEFAULT NULL,
  `email` varchar(100) DEFAULT NULL,
  `message` text DEFAULT NULL,
  `sent_at` timestamp NOT NULL DEFAULT current_timestamp()
) ENGINE=InnoDB DEFAULT CHARSET=utf8mb4 COLLATE=utf8mb4_general_ci;

--
-- إرجاع أو استيراد بيانات الجدول `messages`
--

INSERT INTO `messages` (`id`, `name`, `email`, `message`, `sent_at`) VALUES
(1, 'mona', 'mona@gmail.com', 'hi', '2025-08-01 18:25:54'),
(2, 'mona', 'mona@gmail.com', 'hi', '2025-08-01 18:27:24');

--
-- Indexes for dumped tables
--

--
-- فهارس للجدول `books`
--
ALTER TABLE `books`
  ADD PRIMARY KEY (`id`);

--
-- فهارس للجدول `courses`
--
ALTER TABLE `courses`
  ADD PRIMARY KEY (`id`),
  ADD KEY `diploma_id` (`diploma_id`);

--
-- فهارس للجدول `diplomas`
--
ALTER TABLE `diplomas`
  ADD PRIMARY KEY (`id`);

--
-- فهارس للجدول `messages`
--
ALTER TABLE `messages`
  ADD PRIMARY KEY (`id`);

--
-- AUTO_INCREMENT for dumped tables
--

--
-- AUTO_INCREMENT for table `books`
--
ALTER TABLE `books`
  MODIFY `id` int(11) NOT NULL AUTO_INCREMENT, AUTO_INCREMENT=26;

--
-- AUTO_INCREMENT for table `courses`
--
ALTER TABLE `courses`
  MODIFY `id` int(11) NOT NULL AUTO_INCREMENT, AUTO_INCREMENT=38;

--
-- AUTO_INCREMENT for table `diplomas`
--
ALTER TABLE `diplomas`
  MODIFY `id` int(11) NOT NULL AUTO_INCREMENT, AUTO_INCREMENT=7;

--
-- AUTO_INCREMENT for table `messages`
--
ALTER TABLE `messages`
  MODIFY `id` int(11) NOT NULL AUTO_INCREMENT, AUTO_INCREMENT=3;

--
-- القيود المفروضة على الجداول الملقاة
--

--
-- قيود الجداول `courses`
--
ALTER TABLE `courses`
  ADD CONSTRAINT `courses_ibfk_1` FOREIGN KEY (`diploma_id`) REFERENCES `diplomas` (`id`);
COMMIT;

/*!40101 SET CHARACTER_SET_CLIENT=@OLD_CHARACTER_SET_CLIENT */;
/*!40101 SET CHARACTER_SET_RESULTS=@OLD_CHARACTER_SET_RESULTS */;
/*!40101 SET COLLATION_CONNECTION=@OLD_COLLATION_CONNECTION */;
